170 (base 9) to base 2
-10010110010101
Convert 460 (base 12) to base 6.
3000
What is -4c7 (base 13) in base 9?
-1132
What is -69 (base 14) in base 9?
-113
What is 102313 (base 5) in base 16?
d82
Convert -974 (base 10) to base 14.
-4d8
1253 (base 11) to base 10
1631
What is -3101 (base 5) in base 6?
-1505
Convert 110 (base 15) to base 2.
11110000
1050212 (base 6) to base 7
311102
-1000352 (base 6) to base 2
-1011011011001100
What is 1841 (base 15) in base 3?
21011221
140 (base 7) to base 16
4d
What is 5c8 (base 14) in base 4?
102010
What is -301130 (base 5) in base 12?
-5630
Convert 13b1 (base 16) to base 7.
20461
Convert -15435 (base 6) to base 12.
-157b
430 (base 5) to base 14
83
-13231213 (base 4) to base 3
-1121100001
-11202 (base 8) to base 15
-160d
Convert 205050 (base 6) to base 10.
16662
Convert -3a7c (base 14) to base 7.
-42015
-2626 (base 16) to base 9
-14351
What is -1001000000100 (base 2) in base 12?
-2804
Convert -1a5a6 (base 13) to base 9.
-77585
Convert -12334 (base 9) to base 16.
-2065
1333021 (base 4) to base 12
4861
2 (base 3) to base 2
10
-42 (base 15) to base 16
-3e
Convert -32a (base 14) to base 12.
-442
What is b10 (base 16) in base 10?
2832
Convert 74246 (base 8) to base 4.
13202212
-355 (base 7) to base 12
-137
Convert 1078 (base 12) to base 8.
3434
Convert 595 (base 11) to base 15.
324
-10101010 (base 2) to base 16
-aa
What is -2253 (base 6) in base 14?
-2a5
Convert 4546 (base 8) to base 16.
966
Convert -143400 (base 5) to base 12.
-3644
Convert -c72 (base 14) to base 11.
-192a
Convert 8b67 (base 13) to base 3.
222202222
-1025311 (base 6) to base 13
-19c63
Convert -1852 (base 9) to base 12.
-9a8
Convert -1163 (base 8) to base 3.
-212020
What is 896 (base 12) in base 14?
666
What is -100200102 (base 3) in base 16?
-1b92
-1735 (base 8) to base 4
-33131
Convert 14800 (base 9) to base 2.
10011110001101
What is 100121 (base 3) in base 9?
317
Convert -445 (base 6) to base 7.
-335
What is -3a13 (base 11) in base 4?
-1101201
Convert 4cf8 (base 16) to base 13.
8c79
What is -311530 (base 6) in base 11?
-178a2
What is 124505 (base 6) in base 11?
863a
What is -307 (base 10) in base 2?
-100110011
Convert -1221203 (base 4) to base 12.
-3aab
Convert 101011111101111 (base 2) to base 3.
1010212202
Convert 1031 (base 15) to base 16.
d5d
-204a (base 15) to base 6
-51324
60d (base 15) to base 14
6d5
Convert -43d (base 14) to base 3.
-1011002
What is 37221 (base 8) in base 13?
73a1
Convert -270 (base 10) to base 7.
-534
2426 (base 9) to base 10
1806
Convert -216 (base 13) to base 14.
-1b7
What is 220111 (base 3) in base 2?
1010010101
Convert -88 (base 16) to base 8.
-210
What is 223550 (base 6) in base 14?
6cd4
What is -360 (base 9) in base 15?
-14c
What is -300 (base 4) in base 13?
-39
Convert 221152 (base 6) to base 2.
100011111111100
-101100110101101 (base 2) to base 9
-34437
21303 (base 4) to base 13
393
-3321023 (base 4) to base 2
-11111001001011
Convert 2419 (base 12) to base 15.
1303
What is -24401 (base 7) in base 3?
-22201222
What is -100001010 (base 2) in base 12?
-1a2
What is -1272 (base 9) in base 5?
-12311
3226 (base 12) to base 5
134002
Convert 2615 (base 7) to base 9.
1322
Convert -25c (base 13) to base 9.
-511
Convert -217a3 (base 11) to base 10.
-31573
What is 740b (base 12) in base 2?
11000110001011
Convert -210443 (base 5) to base 15.
-2118
What is -1c0 (base 15) in base 16?
-195
Convert -213113 (base 7) to base 9.
-55805
-10101010011000 (base 2) to base 6
-122252
What is -22021210 (base 3) in base 15?
-1bcc
What is 286 (base 12) in base 9?
473
2079 (base 10) to base 2
100000011111
10030 (base 4) to base 2
100001100
-199b1 (base 12) to base 14
-da61
What is -11424 (base 7) in base 3?
-11001120
What is -111000010100100 (base 2) in base 5?
-1410321
1751 (base 13) to base 7
13022
3762 (base 8) to base 2
11111110010
Convert 213300 (base 4) to base 8.
4760
11101100 (base 2) to base 12
178
Convert -3817 (base 9) to base 13.
-13b4
Convert -ae (base 16) to base 10.
-174
What is -1a9 (base 12) in base 16?
-111
Convert 203405 (base 6) to base 9.
24375
-1217 (base 11) to base 9
-2157
What is -57 (base 11) in base 10?
-62
Convert -6047 (base 8) to base 16.
-c27
What is 1e4 (base 15) in base 13?
27a
-53210 (base 6) to base 5
-212311
What is -2273 (base 12) in base 4?
-323313
Convert 108a (base 11) to base 15.
654
What is 24511 (base 7) in base 4?
1210123
300233 (base 4) to base 12
197b
-2012000 (base 4) to base 5
-233301
Convert -4052 (base 7) to base 4.
-112001
What is 5638 (base 9) in base 7?
15101
What is 1031 (base 6) in base 13?
151
-10020001 (base 3) to base 10
-2350
Convert -20111000 (base 3) to base 6.
-33513
Convert -19a10 (base 14) to base 7.
-360520
-201212 (base 3) to base 15
-25b
What is 18726 (base 11) in base 9?
38801
What is 19b (base 13) in base 9?
360
-2103333 (base 4) to base 11
-7130
What is 111000 (base 4) in base 12?
940
What is -1905 (base 10) in base 13?
-b37
123002 (base 4) to base 13
a31
Convert 113340 (base 6) to base 2.
10011001111100
-14679 (base 10) to base 5
-432204
What is 1001010011110 (base 2) in base 3?
20112112
What is 100000101011011 (base 2) in base 16?
415b
-111100011 (base 2) to base 14
-267
Convert 72 (base 16) to base 2.
1110010
Convert 102300 (base 4) to base 12.
840
-14ad (base 14) to base 12
-2169
What is -2523 (base 12) in base 5?
-113303
Convert 117c0 (base 14) to base 16.
a6cc
Convert 2121221 (base 3) to base 13.
b44
What is -488b (base 13) in base 10?
-10255
Convert 21441 (base 7) to base 14.
1d58
Convert -2236 (base 9) to base 13.
-9a2
11133 (base 4) to base 14
1b1
Convert -126 (base 11) to base 12.
-105
-22270 (base 8) to base 14
-35d6
Convert 102101 (base 7) to base 5.
1030133
What is 21121100 (base 4) in base 5?
2212410
What is 313003 (base 5) in base 3?
112020101
What is -2236 (base 13) in base 3?
-20112221
Convert 6b6 (base 12) to base 9.
1333
-372 (base 13) to base 4
-21120
Convert 17684 (base 11) to base 3.
1020222122
454a (base 13) to base 5
302240
1572 (base 8) to base 11
73a
What is 23428 (base 11) in base 3?
1201100110
What is 118 (base 9) in base 13?
77
Convert 481 (base 12) to base 10.
673
What is -66156 (base 9) in base 11?
-2aa64
5050 (base 14) to base 15
4145
-1000011000 (base 2) to base 12
-388
What is -6131 (base 9) in base 12?
-2717
-7452 (base 8) to base 14
-15b4
-28b9 (base 16) to base 12
-6049
24754 (base 8) to base 9
15644
-50a (base 13) to base 15
-3c0
-893 (base 10) to base 6
-4045
-5572 (base 9) to base 3
-12122102
Convert 401243 (base 5) to base 6.
134442
What is -1140 (base 6) in base 10?
-276
-2461 (base 8) to base 12
-929
-102111222 (base 3) to base 15
-274b
What is 2022 (base 6) in base 11?
376
11011 (base 4) to base 14
193
-524 (base 8) to base 5
-2330
-301 (base 12) to base 13
-274
1c3 (base 14) to base 9
447
What is -183 (base 15) in base 5?
-2343
What is -44212 (base 7) in base 2?
-10101101001011
Convert 66c (base 14) to base 2.
10011111000
What is -1131451 (base 6) in base 14?
-17579
108 (base 11) to base 14
93
What is 2010310 (base 4) in base 12?
4b04
Convert 10001111100010 (base 2) to base 12.
5396
What is -220202 (base 3) in base 16?
-29c
Convert -1000021220 (base 3) to base 4.
-10312320
What is 4112 (base 12) in base 5?
211240
Convert 11001110 (base 2) to base 4.
3032
-103321030 (base 4) to base 12
-3b1a4
2c40 (base 13) to base 2
1100101001010
What is -36b3 (base 13) in base 6?
-55515
-110023 (base 4) to base 13
-784
Convert 3303 (base 10) to base 4.
303213
Convert -24387 (base 10) to base 11.
-17360
What is 82fe (base 16) in base 6?
415130
-11b4 (base 15) to base 7
-13663
What is 19cc (base 14) in base 7?
16445
d540 (base 14) to base 8
107544
Convert 1121020 (base 3) to base 5.
14132
100101111101 (base 2) to base 9
3288
a6b (base 12) to base 16
5f3
111564 (base 7) to base 2
100110110000010
What is -39e9 (base 15) in base 16?
-3051
What is -201011 (base 3) in base 13?
-30a
What is -10111100101000 (base 2) in base 11?
-9085
Convert 4101 (base 5) to base 6.
2234
Convert 232556 (base 7) to base 14.
1132d
Convert 1021302 (base 4) to base 16.
1272
Convert -3885 (base 15) to base 13.
-563c
What is 393 (base 14) in base 2?
1011001101
100011111011 (base 2) to base 3
10011011
-9c3 (base 16) to base 5
-34444
4b0 (base 12) to base 2
1011000100
28115 (b